. Let j = c - z. Is 22 a factor of j?
False
Let g = -9 - -13. Suppose 0 = g*s - 5*s + 2. Suppose -y + 5*o = s*y - 94, y - 3*o - 34 = 0. Does 7 divide y?
True
Let h(d) = 2*d**2 - 3*d - 2. Let k be h(-1). Suppose -r + k*t + 407 = r, 2*t = 5*r - 990. Suppose -4*f = -5*z - r, f = 4*f + 5*z - 182. Is f a multiple of 24?
False
Suppose -2*r - 5*k + 94 = -r, k = -r + 74. Is r a multiple of 2?
False
Suppose 2*c + 24 = -48. Let v = c - -42. Is v a multiple of 3?
True
Let w(j) = -j**2 - 7*j - 10. Let r be w(-4). Suppose b + 3*v + 8 = 2*b, -r*b = -v + 4. Does 31 divide 70 + b + 2 + 2?
False
Suppose 0 = 2*n + 2*j - 2204, -3*n - 2212 = -5*n + 2*j. Does 14 divide n?
False
Let d(f) = 41*f**2 + f + 4*f**2 + 6 - 6. Let q be d(-1). Does 15 divide (-3)/((-6)/2) + q?
True
Suppose 3*u + 19 = -14. Let i be 0 - -146 - (9 + u). Suppose -j + i = 3*f, -2*f + 19 + 71 = 5*j. Is 25 a factor of f?
True
Let y = 569 + -461. Is 6 a factor of y?
True
Suppose 0 = 9*f - 10*f - 15. Let s = 39 + f. Is s a multiple of 4?
True
Suppose -16767 = -35*s + 33318. Is 9 a factor of s?
True
Let g = -11 - -16. Suppose 3*s - g*d = 106, -s + 4*s = 4*d + 110. Does 7 divide s?
True
Let u be (-3 - -1) + -1 + -57. Let l be 1/(-2)*(-8 + u). Let w = 1 + l. Is 6 a factor of w?
False
Suppose o + 77 = 2*d + 291, 0 = -5*o - d + 1114. Suppose -4*v + 7*v - o = 5*s, -2*v + 153 = -5*s. Is 23 a factor of v?
True
Let s(h) = -2*h + 12. Let y = 31 - 18. Let i be 4/8 + y/(-2). Is 12 a factor of s(i)?
True
Let r be 1/2 + (-138)/4. Let s = 51 + r. Is s a multiple of 17?
True
Let x be 5/20 + (-33)/(-12). Suppose 0 = -x*t - t + 84. Suppose -16*o - 210 = -t*o. Does 21 divide o?
True
Suppose 2*y - 1516 = -q, 3*y - 6154 + 1600 = -3*q. Is q a multiple of 95?
True
Let m = 432 + -185. Let x = 393 - m. Is x a multiple of 19?
False
Suppose 38 = 5*o - 17. Let p(a) = -a**3 + 2*a**2 + 8*a + 5. Let q be p(4). Let u = o + q. Is u a multiple of 8?
True
Let p be 8/(-68) + (-416)/(-68). Suppose -6 = -3*o, p*o - o = -5*h - 110. Is (-243)/6*h/18 a multiple of 11?
False
Let x(f) = -9*f + 2. Let i = 1 + 3. Suppose -5*q = h + 6, -i*h + 6 = -q + 6*q. Is x(q) a multiple of 10?
True
Suppose 5*u + 0*u = 315. Let m be 3/(-7) + (-162)/u. Is 20 - (-2 - m - 3) a multiple of 22?
True
Let y(p) = -1 + 3 + 4 - p**3 + 3*p - 2*p + 5*p**2. Is y(5) a multiple of 3?
False
Let c be ((-10)/4)/((-3)/(-6)). Let k be (19 - -1)*c/(-20). Suppose 3*z - 163 = -k*u + 2*z, -3*z = u - 27. Is 13 a factor of u?
False
Let h = -8 + 5. Let z(w) = 2*w**2 + 6*w + 6. Let v be z(h). Suppose 5*u + 55 = v*u. Is 12 a factor of u?
False
Suppose m - 334 = 117. Is m a multiple of 103?
False
Let w(r) = -r**2 + 8*r - 7. Let g be w(5). Suppose t - j + 1 = 2, 7 = -t - 3*j. Is 22 a factor of 14 + g - (-1 - t)?
True
Suppose 61*p = 77*p - 4832. Is p a multiple of 65?
False
Let b be (4 - (0 - -2))/1. Suppose -b*n + n + 28 = 0. Does 3 divide n?
False
Let p be 78 + (0 - -1)/1. Let c(o) = -o**3 - 9*o**2 + 9*o - 7. Let m be c(-10). Suppose -20 - p = -m*r. Does 11 divide r?
True
Let h(p) = 10*p - 2 + 24 + 0*p. Is 13 a factor of h(12)?
False
Let i(n) = -7*n + 50. Does 2 divide i(-10)?
True
Let s = 114 - 78. Is s a multiple of 19?
False
Suppose -6*y + 867 = -981. Is y a multiple of 11?
True
Suppose 0*h - 5*h + 4*a + 1023 = 0, 0 = h - 2*a - 207. Suppose 5*m - h = p, 3*p + 197 = 5*m - p. Does 13 divide m?
False
Suppose -5*t + 9*t = 288. Suppose -5*c = -48 - t. Is 12 a factor of c?
True
Let k(c) = c**2 - 4*c - 5. Let l be k(7). Let o = 45 - l. Suppose 5*s = 4*n - o, -5*n + 2*s + 31 = s. Is 3 a factor of n?
True
Let k be 4 - (23 - 3)/(-5). Suppose 5*f = g - 0*f - k, -5*f = -5*g + 120. Is 14 a factor of g?
True
Is 35 a factor of (-4668)/(-14) + 135/(-315)?
False
Suppose -5*g = 5*r + 2 - 72, 0 = -r + 2*g + 5. Let u(t) = 24*t - 11. Let c be u(1). Let b = r + c. Does 12 divide b?
True
Let s be (-9)/9 - (-4 + 1). Suppose -s*m - i = -119, 0*m - 4*i + 176 = 3*m. Is 20 a factor of ((-3)/(-9) + 0)*m?
True
Suppose 15 = 10*k - 5*k. Suppose 0 = -k*h - 126 + 390. Is 29 a factor of -3*(-3)/(12/h)?
False
Let g(c) = -88*c + 49. Does 2 divide g(-4)?
False
Suppose -4*d - 2*g + 522 = -g, -4*g + 528 = 4*d. Is d a multiple of 26?
True
Let z(b) = 15*b**2 - 21*b - 1. Let a(i) = -22*i**2 + 31*i + 1. Let s(d) = -5*a(d) - 7*z(d). Is 19 a factor of s(-4)?
True
Let t(q) = -218*q + 130. Is t(-2) a multiple of 52?
False
Suppose 12 = -3*o, 0 = -5*p - 5*o + 2*o + 3. Suppose -5*x + 7*u - p*u + 330 = 0, 4*x = 4*u + 268. Is 12 a factor of x?
False
Is 92 a factor of 1838/4 + ((-165)/(-22) - 7)?
True
Let k(t) = t**2 - 10*t + 20. Let d = 19 - 11. Is 2 a factor of k(d)?
True
Is (-2849)/(-33) - (-4)/(-3) even?
False
Suppose 54 = -2*c + 4*c. Is c/18*28/3 even?
True
Let v(c) = 6*c + 74 - 35 - 38. Does 6 divide v(8)?
False
Suppose 5*q - 6 = 3*q. Suppose 3*i - 30 = -q*i. Suppose 67 = i*a - 103. Is a a multiple of 20?
False
Let l(t) = -13*t**2 - 5*t - 2. Let p be l(-4). Let z = p - -333. Is z a multiple of 13?
True
Let n(p) = -p - 1. Let w(z) = -16*z + 4. Let b(a) = 6*n(a) + w(a). Is b(-7) a multiple of 19?
True
Suppose 4*g + g = 15. Does 40 divide (-59 + (3 - 9/g))*-4?
False
Let y(r) = 4*r**3 - 57*r**2 - 18*r - 86. Does 25 divide y(18)?
True
Let a be -5*3/(-15) - -3. Suppose a*n = 110 + 274. Does 12 divide n?
True
Let c be 8/(-3)*(-90)/8. Let r = 25 + c. Let n = -16 + r. Is 12 a factor of n?
False
Let w be (-12)/(-2)*1/3. Let h(y) = -w + y**3 + 9 - 2 + 5*y**2 + 3*y**2. Does 26 divide h(-6)?
False
Suppose 40*k - 45*k + 3820 = 5*r, -3*k - 3021 = -4*r. Is r a multiple of 11?
True
Let s = 41 - 59. Let b be (-2 - s)*(-2 + 10). Let o = 179 - b. Is o a multiple of 17?
True
Let v(n) = -n**3 + 5*n**2 - 2*n - 4. Let g be v(4). Suppose g*d = j + 2*j - 9, -9 = -3*j - 5*d. Suppose 2*b + j*b - 145 = 0. Is b a multiple of 15?
False
Suppose -291 = -16*s - 51. Suppose 22 = -r + 59. Suppose -s = -q + r. Is 13 a factor of q?
True
Let r(o) = 2*o**2 + o + 4. Suppose 3*p - 15 = -3*i, -i - i - 25 = -5*p. Let n be r(i). Does 9 divide (13 - (n - 0))*1?
True
Suppose o = -2*f + 6*o - 1, 8 = 2*f + 4*o. Suppose 0 = r - 2*j - 66, -f*r + j - 163 = -5*r. Suppose -8*x + 4*x = -r. Is 14 a factor of x?
True
Suppose -t - 99 = 2*t. Suppose -3*l = 20*x - 15*x - 214, l = -3*x + 66. Let c = t + l. Is c a multiple of 15?
True
Let d be (-2)/(-6) - (-781)/33. Let p = d + 8. Suppose 0 = -2*c + p + 14. Is c a multiple of 15?
False
Is 12 a factor of 10/65 - (-2492)/26?
True
Let h(b) = 41*b - 216. Does 11 divide h(14)?
False
Suppose q + 0*q - 12 = 5*j, 2*j - 48 = -2*q. Is 5 a factor of (11/q)/((-2)/(-48))?
False
Suppose 2*n + 1 = 3*d, 2*d = n - 0*d. Let h = n - -7. Suppose 0 = h*p + 2*p - 168. Does 5 divide p?
False
Let q = 577 + -557. Is q a multiple of 5?
True
Let n be (90/4)/(2 + (-15)/12). Let p(t) = -t**2 + t + 1. Let z be p(3). Let h = n + z. Does 8 divide h?
False
Let x = -402 - -656. Is 17 a factor of x?
False
Let b = -287 + 484. Let h = b + -123. Let p = -23 + h. Does 20 divide p?
False
Let i = -278 - -539. Let o = i - 145. Is o a multiple of 13?
False
Let d = 12 - 9. Suppose 0 = -5*g + d*u + 73, 3*u - 2*u - 69 = -5*g. Is 8 a factor of g?
False
Let n(y) = -y**3 + 8*y**2 + 4*y - 13. Let s(o) = 5*o**3 - 39*o**2 - 20*o + 66. Let b(k) = -11*n(k) - 2*s(k). Does 19 divide b(11)?
False
Let q(p) = -5*p - 5. Let a = 62 + -66. Is 4 a factor of q(a)?
False
Let l = 12 + -5. Does 16 divide 0 + -3 - (l + -104 - -2)?
False
Suppose -5*z = 3*v - 261, -2*z = -2*v - 113 + 271. Suppose f - 4*m = v, -3*f - 2*m = 2*f - 498. Is f a multiple of 35?
False
Let i be (-9)/18 + (-303)/(-6). Suppose 0 = -x + 3*r + i, 2*x - 3*r - 40 - 66 = 0. Is x a multiple of 14?
True
Let x be (-12)/(-4) + -1 - 207/1. Let c = x + 310. Is c a multiple of 17?
False
Suppose 5*g = 4*g - 4*d + 16, 5*d = -g + 19. Let m = -36 + 60. Suppose l = g*l - m. Is l even?
True
Suppose 148 = -3*o + 223. Is o a multiple of 7?
False
Let d(b) = b**2 - 16*b - 32. Let x(i) = i**3 - 7*i**2 + 7*i + 12. Let s be x(6). Does 4 divide d(s)?
True
Suppose 4760 = -199*f + 204*f. Is 34 a factor of f?
True
Let o(i) be the second derivative of i**5/20 + 17*i**4/12 + 7*i**3/6 - 9*i**2 + 19*i. Does 21 divide o(-16)?
True
Let v(w) = w**3 - 3*w**2 + 2*w - 4. Suppose -n = 3*z - 5*n - 10, 2*n = 5*z - 12. Suppose -z*j = -j - 4. Is 10 a factor of v(j)?
True
Let